ulate h(-45).
55
Let p(d) = 6*d**2 + 872*d - 3294. Determine p(-149).
-16
Let l(i) = -109*i - 5949. Calculate l(-50).
-499
Let m(g) = -884*g + 75216. What is m(88)?
-2576
Let u(p) = -28181*p - 1352684. What is u(-48)?
4
Let p(u) = -1714*u + 286637. Determine p(167).
399
Let t(b) = b**3 + 141*b**2 - 132*b + 937. What is t(-142)?
-483
Let d(h) = 36*h**2 - 72*h + 224. Determine d(4).
512
Let w(u) = 138292*u - 8297517. Calculate w(60).
3
Let k(d) = -336*d**2 + 77279*d + 672. Give k(230).
442
Let p(x) = 139*x - 14764. Calculate p(107).
109
Let l(i) = -104*i**2 + 587*i - 2300. What is l(4)?
-1616
Let c(m) = -5472*m + 547247. Determine c(100).
47
Let q(k) = -28*k**2 - 638*k + 38098. Give q(-50).
-2
Let b(q) = -526*q - 9993. Calculate b(-19).
1
Let n(s) = 376*s**2 + 2019*s - 4275. Determine n(-7).
16
Let l(m) = -14*m**2 + 135*m + 871. Give l(-7).
-760
Let z(j) = 30*j**2 + 2557*j - 1975. What is z(-86)?
3
Let o(s) = -4*s**2 + 348*s - 1021. What is o(87)?
-1021
Let o(h) = -24*h**2 + 423*h + 36. What is o(18)?
-126
Let h(a) = -2*a**2 - 537*a - 4999. Calculate h(-259).
-78
Let j(w) = -2007*w + 136534. Calculate j(68).
58
Let u(i) = -18721*i + 168453. Determine u(9).
-36
Let p(g) = 53*g + 11633. Calculate p(-202).
927
Let l(a) = -2*a**3 - 54*a**2 + 283*a + 3076. What is l(-30)?
-14
Let g(j) = -59*j**2 + 1003*j + 5023. What is g(-5)?
-1467
Let c(g) = -g**3 - 6*g**2 + 280*g + 1913. Calculate c(-7).
2
Let f(o) = o**2 - 6*o - 528. Give f(27).
39
Let c(a) = 281*a - 6207. Determine c(18).
-1149
Let d(h) = 9142*h - 630808. Calculate d(69).
-10
Let a(x) = 2*x**2 - 89448*x + 804918. What is a(9)?
48
Let w(r) = -538206*r - 538213. Calculate w(-1).
-7
Let c(l) = l**2 - 173*l + 4373. Determine c(143).
83
Let y(l) = -l**2 - 688*l - 39655. Calculate y(-64).
281
Let l(z) = 8*z**3 - 179*z**2 + 178*z - 2771. Give l(22).
-307
Let w(r) = r**3 + 97*r**2 + 191*r + 78. What is w(-95)?
-17
Let i(a) = 7*a**2 - 214*a + 40. Give i(-9).
2533
Let g(l) = 4*l**3 - 258*l - 601. Determine g(-6).
83
Let b(s) = 6*s**2 - 2139*s + 12857. Calculate b(6).
239
Let c(z) = 153934*z - 615721. Calculate c(4).
15
Let b(r) = 492*r - 34100. What is b(69)?
-152
Let l(u) = 1293*u - 45755. Calculate l(36).
793
Let q(m) = m**3 + 28*m**2 + 84*m + 1203. Determine q(-19).
2856
Let a(b) = -b**3 + 161*b**2 + 72176*b - 4795. Determine a(-200).
5
Let x(j) = 38*j**3 - 256*j**2 + 177*j - 29. Determine x(6).
25
Let y(l) = 10*l**2 + 1041*l - 26114. What is y(-125)?
11
Let b(d) = -3395*d + 162960. Determine b(48).
0
Let y(f) = f**3 + 37*f**2 + 495*f + 2346. What is y(-12)?
6
Let i(a) = 8*a**3 - 107*a**2 - 2432*a + 40. What is i(-12)?
-8
Let z(v) = -14637*v + 102515. What is z(7)?
56
Let b(a) = -753*a + 30048. Calculate b(40).
-72
Let n(q) = 24396*q + 390339. Calculate n(-16).
3
Let m(a) = a**3 - 232*a**2 + 648*a + 9778. Determine m(229).
847
Let p(w) = -w**3 + w**2 - 72*w + 1061. Determine p(11).
-941
Let a(w) = 1552*w + 79146. Give a(-51).
-6
Let f(k) = -1173*k**2 - 73898*k + 24. What is f(-63)?
-39
Let w(n) = n**3 - 3*n**2 - 501*n + 95. Determine w(-21).
32
Let j(a) = -921*a**2 + 2000*a + 2. Determine j(2).
318
Let b(y) = -4966*y - 878983. Give b(-177).
-1
Let f(g) = 19*g**2 - 527*g - 52021. What is f(68)?
-1
Let c(n) = 472*n + 573. Calculate c(-5).
-1787
Let c(a) = -1924*a + 47812. Give c(26).
-2212
Let p(i) = -i**3 + 4*i**2 - 53*i - 232. Determine p(-4).
108
Let l(w) = 2*w**3 - 85*w**2 - 81*w + 1657. Give l(43).
23
Let w(p) = 173*p**3 + 155*p**2 - 322*p + 20. Calculate w(2).
1380
Let t(k) = 65*k**2 - 805*k + 1827. Give t(3).
-3
Let v(j) = 118752*j - 3206312. Give v(27).
-8
Let f(b) = 1865*b + 201409. Determine f(-108).
-11
Let u(l) = 424*l**3 - 4247*l**2 + 45*l + 3. What is u(10)?
-247
Let k(y) = 42*y**3 + 708*y**2 - 15*y + 1474. Determine k(-17).
-5
Let c(j) = 13*j**3 + 1178*j**2 - 459*j - 127. Calculate c(-91).
237
Let x(c) = -12*c**3 + 95*c**2 + 11*c + 8. Determine x(8).
32
Let p(h) = h**3 - 840*h**2 + 20362*h + 334. Determine p(25).
9
Let o(x) = -3*x**3 - 320*x**2 + 296*x + 23. Calculate o(1).
-4
Let o(u) = -174*u**2 + 1226*u - 51. What is o(7)?
5
Let j(t) = 3*t**3 - 95*t**2 - 13*t - 201. Determine j(32).
407
Let i(g) = 8*g**3 + 105*g**2 + 125*g + 192. Calculate i(-12).
-12
Let k(b) = -272*b**2 - 2361*b - 4381. Give k(-6).
-7
Let f(c) = -c**2 + 26*c - 237. Calculate f(31).
-392
Let h(u) = -2*u**3 - 8*u**2 - 98*u - 571. Determine h(-6).
161
Let i(f) = 92*f**2 - 13798*f - 69. Determine i(150).
231
Let k(h) = -2*h**3 + 455*h**2 + 943*h + 47615. Calculate k(230).
5
Let c(o) = 12*o**3 - 86*o**2 - 517*o + 43. What is c(-4)?
-33
Let u(j) = 2104*j - 6324. Calculate u(3).
-12
Let c(t) = -28662*t + 888535. What is c(31)?
13
Let g(f) = 2*f**3 + 7*f**2 - 7*f + 11. Give g(2).
41
Let h(a) = 57*a - 704. Give h(15).
151
Let g(l) = -2*l**2 + 103*l - 2296. Determine g(39).
-1321
Let y(d) = -407*d - 845. Give y(-2).
-31
Let p(t) = 1822*t + 1611. Give p(-1).
-211
Let d(k) = 13*k**2 - 362*k + 1900. Give d(21).
31
Let f(o) = 35*o**2 + 15429*o - 2653. Determine f(-441).
-7
Let b(f) = -6*f**3 - 24*f**2 + 58926*f - 58901. What is b(1)?
-5
Let u(w) = -2070*w + 2637176. Calculate u(1274).
-4
Let z(c) = 1282*c - 19247. Calculate z(15).
-17
Let a(b) = 7*b**3 - 49*b**2 - 86*b - 21. Determine a(5).
-801
Let b(c) = 559*c + 182895. Give b(-325).
1220
Let h(i) = -4*i**2 - 1596*i - 12519. Calculate h(-8).
-7
Let f(h) = 18*h**2 + 2836*h + 2837. What is f(-1)?
19
Let c(a) = -30*a + 1478. Give c(42).
218
Let d(u) = u**3 - u**2 + 1110*u - 5635. Determine d(5).
15
Let c(i) = 14*i**2 + 106*i + 1111. Determine c(-6).
979
Let w(b) = -5565*b + 139098. What is w(25)?
-27
Let g(q) = -337*q + 13810. Determine g(56).
-5062
Let w(m) = -443*m**3 - 15*m**2 - 10*m + 4. Determine w(-1).
442
Let b(f) = -283*f**2 - 142*f + 8. Give b(0).
8
Let w(h) = h**3 + 663*h**2 - 151703*h - 6657. Give w(180).
3
Let j(r) = -86*r**3 - 9288*r**2 - r - 109. Determine j(-108).
-1
Let i(c) = 38*c**2 + 8848*c - 1410. Calculate i(-233).
-12
Let w(a) = -3*a**2 + 346*a - 9857. Calculate w(55).
98
Let y(v) = -43349*v + 130579. Give y(3).
532
Let n(g) = -2*g**3 + 103*g**2 - 863*g + 35642. Give n(50).
-8
Let y(l) = -8*l**2 + 1274*l + 2122. Give y(161).
-132
Let b(l) = 722*l**2 + 2236*l + 97. What is b(-3)?
-113
Let i(h) = 25109*h - 2611346. Give i(104).
-10
Let z(k) = -k**3 - 19*k**2 - 96*k - 1036. Calculate z(-17).
18
Let h(z) = -24961*z - 74858. Determine h(-3).
25
Let q(r) = r**2 + 20278*r + 182506. Give q(-9).
85
Let d(g) = -g**2 + 2440*g - 339077. Determine d(148).
139
Let l(g) = -683*g**3 + 2*g**2 + 352*g + 351. What is l(-1)?
684
Let l(d) = 27033*d + 54222. Calculate l(-2).
156
Let h(w) = -3*w**3 - 160*w**2 - 240*w - 1645. Determine h(-52).
19
Let g(i) = i**3 - 33*i**2 + 21*i - 396. Determine g(29).
-3151
Let q(c) = -12923*c - 710772. What is q(-55)?
-7
Let z(w) = w**3 - 10*w**2 - 58*w + 564. Calculate z(8).
-28
Let f(z) = z**3 + 327*z**2 + 234*z + 76757. What is f(-327)?
239
Let b(y) = y**3 + 43*y**2 - 449*y + 25. What is b(9)?
196
Let l(o) = -913*o**2 - 3605*o + 29. Give l(-4).
-159
Let t(h) = -6*h**2 - 202*h + 6513. What is t(21)?
-375
Let o(h) = -24505*h - 16663401. Determine o(-680).
-1
Let w(o) = o**3 - 138*o**2 - 38*o + 5262. What is w(138)?
18
Let l(b) = -3606*b - 10147. Calculate l(-3).
671
Let b(m) = -m**3 - 57*m**2 - 781*m + 427. Give b(-33).
64
Let w(k) = -127*k**3 + 75*k**2 + 92*k + 20. Calculate w(-1).
130
Let c(i) = 3*i**2 + 93725*i - 374934. What is c(4)?
14
Let r(k) = -8*k**2 - 10996*k - 17. Determine r(0).
-17
Let s(h) = -35*h**3 - 43*h**2 - 74*h - 154. Determine s(-2).
102
Let f(d) = -d**2 + 104534*d - 1149745. Determine f(11).
8
Let u(l) = l**2 - 347*l + 27740. Give u(123).
188
Let i(t) = -7*t**2 + 647*t + 6823. Calculate i(-11).
-1141
Let a(g) = -g**3 + 446*g**2 + 197259*g - 5749. Give a(-274).
5
Let h(s) = 10126*s - 41637. Calculate h(4).
-1133
Let r(s) = -47*s**2 - 1300*s - 3119. Determine r(-25).
6
Let n(j) = -2543*j - 661211. Determine n(-260).
-31
Let c(w) = -9*w**2 + 709*w + 29374. Determine c(-30).
4
Let b(c) = -c**2 + 1009*c - 141414. Determine b(168).
-126
Let i(g) = -2*g**2 + 114*g + 4192. What is i(82)?
92
Let n(c) = -317*c**2 + 2865*c + 23. Give n(9).
131
Let u(j) = -j**2 - 21640*j - 86551. What is u(-4)?
-7
Let t(g) = 69*g**3 + 128*g**2 - 585*